{"id":646,"date":"2016-12-12T14:00:22","date_gmt":"2016-12-12T13:00:22","guid":{"rendered":"https:\/\/lasainte.nl\/tarieven-beschikbaarheid\/"},"modified":"2025-10-23T07:44:56","modified_gmt":"2025-10-23T06:44:56","slug":"tarifas-y-disponibilidad","status":"publish","type":"page","link":"https:\/\/lasainte.nl\/es\/tarifas-y-disponibilidad\/","title":{"rendered":"Tarifas y disponibilidad"},"content":{"rendered":"<p><img loading=\"lazy\" decoding=\"async\" class=\"alignright size-full wp-image-368\" src=\"https:\/\/lasainte.nl\/wp-content\/uploads\/2016\/12\/entree-binnenplaatsroodschaduw.png\" alt=\"entree-binnenplaatsroodschaduw\" width=\"218\" height=\"280\" srcset=\"https:\/\/lasainte.nl\/wp-content\/uploads\/2016\/12\/entree-binnenplaatsroodschaduw.png 218w, https:\/\/lasainte.nl\/wp-content\/uploads\/2016\/12\/entree-binnenplaatsroodschaduw-35x45.png 35w, https:\/\/lasainte.nl\/wp-content\/uploads\/2016\/12\/entree-binnenplaatsroodschaduw-78x100.png 78w\" sizes=\"auto, (max-width: 218px) 100vw, 218px\" \/><\/p>\n<p>El d\u00eda de arrivo y partida para la \u00abg\u00eete\u00bb La Sentinelle es el s\u00e1bado. El d\u00eda de llegada es usted muy bienvenida(o) a partir de las 16:00. Del mismo modo,<br \/>\nle pedimos que la salida sea a m\u00e1s tardar a las 09:30.<\/p>\n<h2>Tarifas 2026<\/h2>\n<p>Temporada alta:         \u20ac 1.295,00 por semana (julio y agosto)<br \/>\nTemporada media:      \u20ac 945,00 por semana (mayo, junio, septiembre y octubre)<br \/>\nTemporada baja:         <a href=\"https:\/\/lasainte.nl\/es\/contacto-y-informacion\/\">a solicitud <\/a>(noviembre-abril)<\/p>\n<p>Esto incluye el gas, el agua y la electricidad. En temporada baja tambi\u00e9n incluye le\u00f1a.<\/p>\n<h2>Informaci\u00f3n adicional<\/h2>\n<p><img loading=\"lazy\" decoding=\"async\" class=\"alignleft size-medium wp-image-366\" src=\"https:\/\/lasainte.nl\/wp-content\/uploads\/2016\/12\/oprit-229x300.png\" alt=\"oprit\" width=\"229\" height=\"300\" srcset=\"https:\/\/lasainte.nl\/wp-content\/uploads\/2016\/12\/oprit-229x300.png 229w, https:\/\/lasainte.nl\/wp-content\/uploads\/2016\/12\/oprit-34x45.png 34w, https:\/\/lasainte.nl\/wp-content\/uploads\/2016\/12\/oprit-76x100.png 76w, https:\/\/lasainte.nl\/wp-content\/uploads\/2016\/12\/oprit.png 380w\" sizes=\"auto, (max-width: 229px) 100vw, 229px\" \/>&#8211; Aseo del lugar \u20ac 75,00 (no opcional)<br \/>\n&#8211; Toallas de cocina disponible<br \/>\n&#8211; Un dep\u00f3sito de \u20ac 250,00<br \/>\n&#8211; Impuesto de turismo (no opcional) \u20ac 1,00 por persona, por noche<br \/>\n&#8211; Internet inal\u00e1mbrico disponible<br \/>\n&#8211; Sillas y camas para ni\u00f1os disponibles<br \/>\n&#8211; Lavadora y secadora disponible<br \/>\n&#8211; Se prohibe fumar en interiores<br \/>\n&#8211; Preferimos no permitir mascotas<\/p>\n<p>Para grupos de 6 a 8 personas se puede rentar un dormitorio doble extra con ba\u00f1o propio en la \u00abmanoir\u00bb en combinaci\u00f3n con la renta de la \u00abg\u00eete\u00bb. La tarifa se puede <a href=\"https:\/\/lasainte.nl\/es\/contacto-y-informacion\/\">solicitar<\/a>.<\/p>\n<h2>Disponibilidad de la \u00abg\u00eete\u00bb La Sentinelle<\/h2>\n<p><iframe loading=\"lazy\" style=\"width: 100%; height: 350px;\" src=\"https:\/\/www.gites.eu\/en\/vakantiehuizen\/11669\/embed\" width=\"300\" height=\"150\" frameborder=\"0\" scrolling=\"no\"><\/iframe><\/p>\n<h2>Informaci\u00f3n de las temporadas<\/h2>\n<p>Temporada alta:    vacanciones de mayo, julio y agosto (27 junio &#8211; 29 agosto 2026)<br \/>\nTemporada media: mayo, junio, septiembre, octubre y los vacaciones de Navidad<br \/>\nTemporada baja:   noviembre a abril (<span class=\"hps\">a excepci\u00f3n de<\/span> <span class=\"hps\">las vacaciones de Navidad<\/span>), disponibilidad y tarifas <a href=\"https:\/\/lasainte.nl\/es\/contacto-y-informacion\/\">a solicitud<\/a>.<\/p>\n","protected":false},"excerpt":{"rendered":"<p>El d\u00eda de arrivo y partida para la \u00abg\u00eete\u00bb La Sentinelle es el s\u00e1bado. El d\u00eda de llegada es usted muy bienvenida(o) a partir de las 16:00. Del mismo modo, le pedimos que la salida sea a m\u00e1s tardar a las 09:30. Tarifas 2026 Temporada alta: \u20ac 1.295,00 por semana (julio y agosto) Temporada media: [&hellip;] <a href=\"https:\/\/lasainte.nl\/es\/tarifas-y-disponibilidad\/\" class=\"page_readmore\">Lees verder&nbsp;&raquo;<\/a><\/p>\n","protected":false},"author":1,"featured_media":0,"parent":0,"menu_order":3,"comment_status":"closed","ping_status":"closed","template":"","meta":{"slim_seo":{"title":"Tarifas y disponibilidad - La Sainte","description":"El d\u00eda de arrivo y partida para la \"g\u00eete\" La Sentinelle es el s\u00e1bado. El d\u00eda de llegada es usted muy bienvenida(o) a partir de las 16:00. Del mismo modo, le ped"},"footnotes":""},"class_list":["post-646","page","type-page","status-publish","hentry"],"yoast_head":"<!-- This site is optimized with the Yoast SEO plugin v20.5 - https:\/\/yoast.com\/wordpress\/plugins\/seo\/ -->\n<title>Tarifas y disponibilidad - La Sainte<\/title>\n<meta name=\"robots\" content=\"index, follow, max-snippet:-1, max-image-preview:large, max-video-preview:-1\" \/>\n<link rel=\"canonical\" href=\"https:\/\/lasainte.nl\/es\/tarifas-y-disponibilidad\/\" \/>\n<meta property=\"og:locale\" content=\"es_ES\" \/>\n<meta property=\"og:type\" content=\"article\" \/>\n<meta property=\"og:title\" content=\"Tarifas y disponibilidad - La Sainte\" \/>\n<meta property=\"og:description\" content=\"El d\u00eda de arrivo y partida para la \u00abg\u00eete\u00bb La Sentinelle es el s\u00e1bado. El d\u00eda de llegada es usted muy bienvenida(o) a partir de las 16:00. Del mismo modo, le pedimos que la salida sea a m\u00e1s tardar a las 09:30. Tarifas 2026 Temporada alta: \u20ac 1.295,00 por semana (julio y agosto) Temporada media: [&hellip;]\" \/>\n<meta property=\"og:url\" content=\"https:\/\/lasainte.nl\/es\/tarifas-y-disponibilidad\/\" \/>\n<meta property=\"og:site_name\" content=\"La Sainte\" \/>\n<meta property=\"article:modified_time\" content=\"2025-10-23T06:44:56+00:00\" \/>\n<meta property=\"og:image\" content=\"https:\/\/lasainte.nl\/wp-content\/uploads\/2016\/12\/entree-binnenplaatsroodschaduw.png\" \/>\n<meta name=\"twitter:label1\" content=\"Tiempo de lectura\" \/>\n\t<meta name=\"twitter:data1\" content=\"2 minutos\" \/>\n<script type=\"application\/ld+json\" class=\"yoast-schema-graph\">{\"@context\":\"https:\/\/schema.org\",\"@graph\":[{\"@type\":\"WebPage\",\"@id\":\"https:\/\/lasainte.nl\/es\/wp-json\/wp\/v2\/pages\/646\/#webpage\",\"url\":\"https:\/\/lasainte.nl\/es\/wp-json\/wp\/v2\/pages\/646\/\",\"name\":\"La Sainte\",\"isPartOf\":{\"@id\":\"https:\/\/lasainte.nl\/es\/#website\"},\"datePublished\":\"2016-12-12T13:00:22+00:00\",\"dateModified\":\"2025-10-23T06:44:56+00:00\",\"breadcrumb\":{\"@id\":\"https:\/\/lasainte.nl\/es\/wp-json\/wp\/v2\/pages\/646\/#breadcrumblist\"},\"inLanguage\":\"es_ES\",\"potentialAction\":[{\"@type\":\"ReadAction\",\"target\":[\"https:\/\/lasainte.nl\/es\/tarifas-y-disponibilidad\/\"]}],\"publisher\":{\"@id\":\"https:\/\/lasainte.nl\/es\/#organization\"}},{\"@type\":\"BreadcrumbList\",\"@id\":\"https:\/\/lasainte.nl\/es\/wp-json\/wp\/v2\/pages\/646\/#breadcrumblist\",\"itemListElement\":[{\"@type\":\"ListItem\",\"position\":\"1\",\"name\":\"Inicio\",\"item\":\"https:\/\/lasainte.nl\/es\/\"},{\"@type\":\"ListItem\",\"position\":2,\"name\":\"Tarifas y disponibilidad\"}],\"name\":\"Breadcrumbs\"},{\"@type\":\"WebSite\",\"@id\":\"https:\/\/lasainte.nl\/es\/#website\",\"url\":\"https:\/\/lasainte.nl\/es\/\",\"name\":\"La Sainte\",\"description\":\"\",\"potentialAction\":{\"@id\":\"https:\/\/lasainte.nl\/es\/#searchaction\"},\"inLanguage\":\"es\",\"publisher\":{\"@id\":\"https:\/\/lasainte.nl\/es\/#organization\"}},{\"@type\":\"SearchAction\",\"@id\":\"https:\/\/lasainte.nl\/es\/#searchaction\",\"target\":\"https:\/\/lasainte.nl\/?s={search_term_string}\",\"query-input\":\"required name=search_term_string\"},{\"@type\":\"Organization\",\"@id\":\"https:\/\/lasainte.nl\/es\/#organization\",\"name\":\"La Sainte\",\"url\":\"https:\/\/lasainte.nl\/es\/\"}]}<\/script>\n<!-- \/ Yoast SEO plugin. -->","yoast_head_json":{"title":"Tarifas y disponibilidad - La Sainte","robots":{"index":"index","follow":"follow","max-snippet":"max-snippet:-1","max-image-preview":"max-image-preview:large","max-video-preview":"max-video-preview:-1"},"canonical":"https:\/\/lasainte.nl\/es\/tarifas-y-disponibilidad\/","og_locale":"es_ES","og_type":"article","og_title":"Tarifas y disponibilidad - La Sainte","og_description":"El d\u00eda de arrivo y partida para la \u00abg\u00eete\u00bb La Sentinelle es el s\u00e1bado. El d\u00eda de llegada es usted muy bienvenida(o) a partir de las 16:00. Del mismo modo, le pedimos que la salida sea a m\u00e1s tardar a las 09:30. Tarifas 2026 Temporada alta: \u20ac 1.295,00 por semana (julio y agosto) Temporada media: [&hellip;]","og_url":"https:\/\/lasainte.nl\/es\/tarifas-y-disponibilidad\/","og_site_name":"La Sainte","article_modified_time":"2025-10-23T06:44:56+00:00","og_image":[{"url":"https:\/\/lasainte.nl\/wp-content\/uploads\/2016\/12\/entree-binnenplaatsroodschaduw.png"}],"twitter_misc":{"Tiempo de lectura":"2 minutos"},"schema":{"@context":"https:\/\/schema.org","@graph":[{"@type":"WebPage","@id":"https:\/\/lasainte.nl\/es\/wp-json\/wp\/v2\/pages\/646\/#webpage","url":"https:\/\/lasainte.nl\/es\/wp-json\/wp\/v2\/pages\/646\/","name":"La Sainte","isPartOf":{"@id":"https:\/\/lasainte.nl\/es\/#website"},"datePublished":"2016-12-12T13:00:22+00:00","dateModified":"2025-10-23T06:44:56+00:00","breadcrumb":{"@id":"https:\/\/lasainte.nl\/es\/wp-json\/wp\/v2\/pages\/646\/#breadcrumblist"},"inLanguage":"es_ES","potentialAction":[{"@type":"ReadAction","target":["https:\/\/lasainte.nl\/es\/tarifas-y-disponibilidad\/"]}],"publisher":{"@id":"https:\/\/lasainte.nl\/es\/#organization"}},{"@type":"BreadcrumbList","@id":"https:\/\/lasainte.nl\/es\/wp-json\/wp\/v2\/pages\/646\/#breadcrumblist","itemListElement":[{"@type":"ListItem","position":"1","name":"Inicio","item":"https:\/\/lasainte.nl\/es\/"},{"@type":"ListItem","position":2,"name":"Tarifas y disponibilidad"}],"name":"Breadcrumbs"},{"@type":"WebSite","@id":"https:\/\/lasainte.nl\/es\/#website","url":"https:\/\/lasainte.nl\/es\/","name":"La Sainte","description":"","potentialAction":{"@id":"https:\/\/lasainte.nl\/es\/#searchaction"},"inLanguage":"es","publisher":{"@id":"https:\/\/lasainte.nl\/es\/#organization"}},{"@type":"SearchAction","@id":"https:\/\/lasainte.nl\/es\/#searchaction","target":"https:\/\/lasainte.nl\/?s={search_term_string}","query-input":"required name=search_term_string"},{"@type":"Organization","@id":"https:\/\/lasainte.nl\/es\/#organization","name":"La Sainte","url":"https:\/\/lasainte.nl\/es\/"}]}},"_links":{"self":[{"href":"https:\/\/lasainte.nl\/es\/wp-json\/wp\/v2\/pages\/646","targetHints":{"allow":["GET"]}}],"collection":[{"href":"https:\/\/lasainte.nl\/es\/wp-json\/wp\/v2\/pages"}],"about":[{"href":"https:\/\/lasainte.nl\/es\/wp-json\/wp\/v2\/types\/page"}],"author":[{"embeddable":true,"href":"https:\/\/lasainte.nl\/es\/wp-json\/wp\/v2\/users\/1"}],"replies":[{"embeddable":true,"href":"https:\/\/lasainte.nl\/es\/wp-json\/wp\/v2\/comments?post=646"}],"version-history":[{"count":14,"href":"https:\/\/lasainte.nl\/es\/wp-json\/wp\/v2\/pages\/646\/revisions"}],"predecessor-version":[{"id":2084,"href":"https:\/\/lasainte.nl\/es\/wp-json\/wp\/v2\/pages\/646\/revisions\/2084"}],"wp:attachment":[{"href":"https:\/\/lasainte.nl\/es\/wp-json\/wp\/v2\/media?parent=646"}],"curies":[{"name":"wp","href":"https:\/\/api.w.org\/{rel}","templated":true}]}}

<p><img loading="lazy" decoding="async" class="alignright size-full wp-image-368" src="https://lasainte.nl/wp-content/uploads/2016/12/entree-binnenplaatsroodschaduw.png" alt="entree-binnenplaatsroodschaduw" width="218" height="280" srcset="https://lasainte.nl/wp-content/uploads/2016/12/entree-binnenplaatsroodschaduw.png 218w, https://lasainte.nl/wp-content/uploads/2016/12/entree-binnenplaatsroodschaduw-35x45.png 35w, https://lasainte.nl/wp-content/uploads/2016/12/entree-binnenplaatsroodschaduw-78x100.png 78w" sizes="auto, (max-width: 218px) 100vw, 218px" /></p>
<p>El día de arrivo y partida para la «gîte» La Sentinelle es el sábado. El día de llegada es usted muy bienvenida(o) a partir de las 16:00. Del mismo modo,<br />
le pedimos que la salida sea a más tardar a las 09:30.</p>
<h2>Tarifas 2026</h2>
<p>Temporada alta:         € 1.295,00 por semana (julio y agosto)<br />
Temporada media:      € 945,00 por semana (mayo, junio, septiembre y octubre)<br />
Temporada baja:         <a href="https://lasainte.nl/es/contacto-y-informacion/">a solicitud </a>(noviembre-abril)</p>
<p>Esto incluye el gas, el agua y la electricidad. En temporada baja también incluye leña.</p>
<h2>Información adicional</h2>
<p><img loading="lazy" decoding="async" class="alignleft size-medium wp-image-366" src="https://lasainte.nl/wp-content/uploads/2016/12/oprit-229x300.png" alt="oprit" width="229" height="300" srcset="https://lasainte.nl/wp-content/uploads/2016/12/oprit-229x300.png 229w, https://lasainte.nl/wp-content/uploads/2016/12/oprit-34x45.png 34w, https://lasainte.nl/wp-content/uploads/2016/12/oprit-76x100.png 76w, https://lasainte.nl/wp-content/uploads/2016/12/oprit.png 380w" sizes="auto, (max-width: 229px) 100vw, 229px" />&#8211; Aseo del lugar € 75,00 (no opcional)<br />
&#8211; Toallas de cocina disponible<br />
&#8211; Un depósito de € 250,00<br />
&#8211; Impuesto de turismo (no opcional) € 1,00 por persona, por noche<br />
&#8211; Internet inalámbrico disponible<br />
&#8211; Sillas y camas para niños disponibles<br />
&#8211; Lavadora y secadora disponible<br />
&#8211; Se prohibe fumar en interiores<br />
&#8211; Preferimos no permitir mascotas</p>
<p>Para grupos de 6 a 8 personas se puede rentar un dormitorio doble extra con baño propio en la «manoir» en combinación con la renta de la «gîte». La tarifa se puede <a href="https://lasainte.nl/es/contacto-y-informacion/">solicitar</a>.</p>
<h2>Disponibilidad de la «gîte» La Sentinelle</h2>
<p><iframe loading="lazy" style="width: 100%; height: 350px;" src="https://www.gites.eu/en/vakantiehuizen/11669/embed" width="300" height="150" frameborder="0" scrolling="no"></iframe></p>
<h2>Información de las temporadas</h2>
<p>Temporada alta:    vacanciones de mayo, julio y agosto (27 junio &#8211; 29 agosto 2026)<br />
Temporada media: mayo, junio, septiembre, octubre y los vacaciones de Navidad<br />
Temporada baja:   noviembre a abril (<span class="hps">a excepción de</span> <span class="hps">las vacaciones de Navidad</span>), disponibilidad y tarifas <a href="https://lasainte.nl/es/contacto-y-informacion/">a solicitud</a>.</p>

<p>El día de arrivo y partida para la «gîte» La Sentinelle es el sábado. El día de llegada es usted muy bienvenida(o) a partir de las 16:00. Del mismo modo, le pedimos que la salida sea a más tardar a las 09:30. Tarifas 2026 Temporada alta: € 1.295,00 por semana (julio y agosto) Temporada media: [&hellip;] <a href="https://lasainte.nl/es/tarifas-y-disponibilidad/" class="page_readmore">Lees verder&nbsp;&raquo;</a></p>

El día de arrivo y partida para la "gîte" La Sentinelle es el sábado. El día de llegada es usted muy bienvenida(o) a partir de las 16:00. Del mismo modo, le ped

<!-- This site is optimized with the Yoast SEO plugin v20.5 - https://yoast.com/wordpress/plugins/seo/ -->
<title>Tarifas y disponibilidad - La Sainte</title>
<meta name="robots" content="index, follow, max-snippet:-1, max-image-preview:large, max-video-preview:-1" />
<link rel="canonical" href="https://lasainte.nl/es/tarifas-y-disponibilidad/" />
<meta property="og:locale" content="es_ES" />
<meta property="og:type" content="article" />
<meta property="og:title" content="Tarifas y disponibilidad - La Sainte" />
<meta property="og:description" content="El día de arrivo y partida para la «gîte» La Sentinelle es el sábado. El día de llegada es usted muy bienvenida(o) a partir de las 16:00. Del mismo modo, le pedimos que la salida sea a más tardar a las 09:30. Tarifas 2026 Temporada alta: € 1.295,00 por semana (julio y agosto) Temporada media: [&hellip;]" />
<meta property="og:url" content="https://lasainte.nl/es/tarifas-y-disponibilidad/" />
<meta property="og:site_name" content="La Sainte" />
<meta property="article:modified_time" content="2025-10-23T06:44:56+00:00" />
<meta property="og:image" content="https://lasainte.nl/wp-content/uploads/2016/12/entree-binnenplaatsroodschaduw.png" />
<meta name="twitter:label1" content="Tiempo de lectura" />
	<meta name="twitter:data1" content="2 minutos" />
<script type="application/ld+json" class="yoast-schema-graph">{"@context":"https://schema.org","@graph":[{"@type":"WebPage","@id":"https://lasainte.nl/es/wp-json/wp/v2/pages/646/#webpage","url":"https://lasainte.nl/es/wp-json/wp/v2/pages/646/","name":"La Sainte","isPartOf":{"@id":"https://lasainte.nl/es/#website"},"datePublished":"2016-12-12T13:00:22+00:00","dateModified":"2025-10-23T06:44:56+00:00","breadcrumb":{"@id":"https://lasainte.nl/es/wp-json/wp/v2/pages/646/#breadcrumblist"},"inLanguage":"es_ES","potentialAction":[{"@type":"ReadAction","target":["https://lasainte.nl/es/tarifas-y-disponibilidad/"]}],"publisher":{"@id":"https://lasainte.nl/es/#organization"}},{"@type":"BreadcrumbList","@id":"https://lasainte.nl/es/wp-json/wp/v2/pages/646/#breadcrumblist","itemListElement":[{"@type":"ListItem","position":"1","name":"Inicio","item":"https://lasainte.nl/es/"},{"@type":"ListItem","position":2,"name":"Tarifas y disponibilidad"}],"name":"Breadcrumbs"},{"@type":"WebSite","@id":"https://lasainte.nl/es/#website","url":"https://lasainte.nl/es/","name":"La Sainte","description":"","potentialAction":{"@id":"https://lasainte.nl/es/#searchaction"},"inLanguage":"es","publisher":{"@id":"https://lasainte.nl/es/#organization"}},{"@type":"SearchAction","@id":"https://lasainte.nl/es/#searchaction","target":"https://lasainte.nl/?s={search_term_string}","query-input":"required name=search_term_string"},{"@type":"Organization","@id":"https://lasainte.nl/es/#organization","name":"La Sainte","url":"https://lasainte.nl/es/"}]}</script>
<!-- / Yoast SEO plugin. -->

El día de arrivo y partida para la «gîte» La Sentinelle es el sábado. El día de llegada es usted muy bienvenida(o) a partir de las 16:00. Del mismo modo, le pedimos que la salida sea a más tardar a las 09:30. Tarifas 2026 Temporada alta: € 1.295,00 por semana (julio y agosto) Temporada media: [&hellip;]
